{"id":138,"date":"2018-09-22T06:15:19","date_gmt":"2018-09-22T06:15:19","guid":{"rendered":"https:\/\/somtawee.de\/?page_id=138"},"modified":"2018-09-25T17:03:40","modified_gmt":"2018-09-25T17:03:40","slug":"datenschutz","status":"publish","type":"page","link":"https:\/\/www.somtawee.de\/?page_id=138","title":{"rendered":"AGB"},"content":{"rendered":"<h1><strong>AGB<\/strong><\/h1>\n<p>Die folgenden Allgemeinen Bedingungen sind Bestandteil aller Massage- und Online-Angebote sowie von Vertr\u00e4gen \u00fcber den Online-Verkauf von Gutscheinen. Alle von den hier genannten Allgemeinen Gesch\u00e4ftsbedingungen abweichende Vereinbarungen und Nebenabreden der Vertragsparteien bed\u00fcrfen der Schriftform. Entgegenstehende Gesch\u00e4ftsbedingungen des Kunden werden nicht Vertragsbestandteil.<br \/>\nHeilpraktikergesetz, Thaimassage als Wellness-Anwendungen<\/p>\n<p>1.\u00a0 Wir weisen ausdr\u00fccklich darauf hin, dass die Thaimassage in Deutschland nicht als Therapie im Sinne des geltenden Heilpraktikergesetzes von 1939 anerkannt ist. Es werden keine Diagnosen gestellt, Symptome behandelt oder irgendwelche Heilversprechen abgegeben. Thaimassagen k\u00f6nnen bei Vorliegen einer Erkrankung weder verordnete Medikamente oder Therapien noch den Besuch bei einem Arzt oder Heilpraktiker ersetzen.<br \/>\nUnsere Massagen sind reine Wellness-Anwendungen, die allein der allgemeinen Entspannung, dem Wohlbefinden und der Gesundheitspr\u00e4vention dienen. Sollten Kunden Krankheiten des Bewegungsapparates oder der inneren Organen haben oder vermuten, Haut- oder Herz-Kreislauf-Erkrankungen, k\u00fcrzlich erfolgte operative Eingriffe oder eine Schwangerschaft vorliegen, so sollte zun\u00e4chst durch einen Arzt gekl\u00e4rt werden, ob eine Thaimassage unter diesen Voraussetzungen als geeignete Ma\u00dfnahme oder gar als kontraindiziert zu betrachten ist.<\/p>\n<p>2.\u00a0 Haftungsausschlu\u00df<\/p>\n<p>Sollten trotz fachkundiger Anwendung vermeidbare Folgesch\u00e4den auftreten, die darauf zur\u00fcckzuf\u00fchren sind, dass ein Kunde Ausschlussgr\u00fcnde verschwiegen oder bagatellisiert hat, so ist die Masseurin und die Gesch\u00e4ftsinhaberin der Baan Boa Massage von jeder Haftung freigestellt. Gleiches gilt auch f\u00fcr Sch\u00e4den, die dadurch entstehen, weil ein Ausschlussgrund dem Kunden selbst nicht bekannt und dieser f\u00fcr die Masseurin oder die Gesch\u00e4ftsinhaber nicht erkennbar war. Bei Vorliegen oder der Vermutung einer gesundheitlichen St\u00f6rung muss vor Beginn einer Wellness-Anwendung unbedingt \u00e4rztlicher Rat eingeholt werden.<\/p>\n<p>3.\u00a0 Einschr\u00e4nkungen f\u00fcr die Anwendung von Thaimassagen<\/p>\n<p>Bei der Anwendung von Thaimassagen m\u00fcssen gesundheitliche Aspekte unbedingt ber\u00fccksichtigt werden. Bestimmte Erkrankungen bzw. gesundheitliche St\u00f6rungen k\u00f6nnen eine Behandlung unter Umst\u00e4nden einschr\u00e4nken oder gar ausschlie\u00dfen. Wir behalten uns das Recht vor, in bestimmten F\u00e4llen Thaimassagen oder andere Wellness-Anwendungen abzulehnen.<\/p>\n<p>3a Relative Kontraindikationen (Erkrankungen die eine Thaimassage zumindest einschr\u00e4nken)<br \/>\nStark erh\u00f6hter Blutdruck<br \/>\nVenenentz\u00fcndungen oder ausgepr\u00e4gte Venenschw\u00e4che<br \/>\nSchwangerschaft<br \/>\nFrische Knochenbr\u00fcche oder k\u00fcrzlich erfolgte operative Interventionen<br \/>\nUnf\u00e4lle die weniger als 48 Stunden zur\u00fcckliegen<br \/>\nSchwere neurologische oder psychische St\u00f6rungen<br \/>\nDiabetes mellitus<br \/>\nAllergien<br \/>\n3b Absolute Kontraindikationen (Erkrankungen die eine Thaimassage in der Regel komplett ausschlie\u00dfen)<br \/>\nKrebserkrankungen<br \/>\nAkute Infektionen einhergehend mit Fieber<br \/>\nImmunschw\u00e4che<br \/>\nFortgeschrittene Herzinsuffizienz und die Gefahr eine Herzinfarktes<br \/>\nThrombosen und Gef\u00e4\u00dferkrankungen mit erh\u00f6htem Thrombembolierisiko<br \/>\nSchwere Rheumatische Erkrankungen<br \/>\nEntz\u00fcndungen der Muskeln- und Gelenke<br \/>\nAlkoholisierter Zustand<br \/>\nAlkohol-, Drogen- oder Medikamentenabh\u00e4ngigkeit<br \/>\nAusgepr\u00e4gte Osteoporose und bestimmte Deformit\u00e4ten des Achsenskelettes<\/p>\n","protected":false},"excerpt":{"rendered":"<p>AGB Die folgenden Allgemeinen Bedingungen sind Bestandteil aller Massage- und Online-Angebote sowie von Vertr\u00e4gen \u00fcber den Online-Verkauf von Gutscheinen. Alle von den hier genannten Allgemeinen Gesch\u00e4ftsbedingungen abweichende Vereinbarungen und Nebenabreden der Vertragsparteien bed\u00fcrfen der Schriftform. Entgegenstehende Gesch\u00e4ftsbedingungen des Kunden werden nicht Vertragsbestandteil. Heilpraktikergesetz, Thaimassage als Wellness-Anwendungen 1.\u00a0 Wir weisen ausdr\u00fccklich darauf hin, dass die Thaimassage [&hellip;]<\/p>\n","protected":false},"author":1,"featured_media":0,"parent":0,"menu_order":0,"comment_status":"closed","ping_status":"closed","template":"","meta":{"footnotes":""},"class_list":["post-138","page","type-page","status-publish","hentry"],"yoast_head":"<!-- This site is optimized with the Yoast SEO plugin v27.4 - https:\/\/yoast.com\/product\/yoast-seo-wordpress\/ -->\n<title>AGB - SomTawee Thaimassage<\/title>\n<meta name=\"robots\" content=\"index, follow, max-snippet:-1, max-image-preview:large, max-video-preview:-1\" \/>\n<link rel=\"canonical\" href=\"https:\/\/www.somtawee.de\/?page_id=138\" \/>\n<meta property=\"og:locale\" content=\"de_DE\" \/>\n<meta property=\"og:type\" content=\"article\" \/>\n<meta property=\"og:title\" content=\"AGB - SomTawee Thaimassage\" \/>\n<meta property=\"og:description\" content=\"AGB Die folgenden Allgemeinen Bedingungen sind Bestandteil aller Massage- und Online-Angebote sowie von Vertr\u00e4gen \u00fcber den Online-Verkauf von Gutscheinen. Alle von den hier genannten Allgemeinen Gesch\u00e4ftsbedingungen abweichende Vereinbarungen und Nebenabreden der Vertragsparteien bed\u00fcrfen der Schriftform. Entgegenstehende Gesch\u00e4ftsbedingungen des Kunden werden nicht Vertragsbestandteil. Heilpraktikergesetz, Thaimassage als Wellness-Anwendungen 1.\u00a0 Wir weisen ausdr\u00fccklich darauf hin, dass die Thaimassage [&hellip;]\" \/>\n<meta property=\"og:url\" content=\"https:\/\/www.somtawee.de\/?page_id=138\" \/>\n<meta property=\"og:site_name\" content=\"SomTawee Thaimassage\" \/>\n<meta property=\"article:modified_time\" content=\"2018-09-25T17:03:40+00:00\" \/>\n<meta name=\"twitter:card\" content=\"summary_large_image\" \/>\n<meta name=\"twitter:label1\" content=\"Gesch\u00e4tzte Lesezeit\" \/>\n\t<meta name=\"twitter:data1\" content=\"2\u00a0Minuten\" \/>\n<script type=\"application\/ld+json\" class=\"yoast-schema-graph\">{\"@context\":\"https:\\\/\\\/schema.org\",\"@graph\":[{\"@type\":\"WebPage\",\"@id\":\"https:\\\/\\\/www.somtawee.de\\\/?page_id=138\",\"url\":\"https:\\\/\\\/www.somtawee.de\\\/?page_id=138\",\"name\":\"AGB - SomTawee Thaimassage\",\"isPartOf\":{\"@id\":\"https:\\\/\\\/www.somtawee.de\\\/#website\"},\"datePublished\":\"2018-09-22T06:15:19+00:00\",\"dateModified\":\"2018-09-25T17:03:40+00:00\",\"breadcrumb\":{\"@id\":\"https:\\\/\\\/www.somtawee.de\\\/?page_id=138#breadcrumb\"},\"inLanguage\":\"de\",\"potentialAction\":[{\"@type\":\"ReadAction\",\"target\":[\"https:\\\/\\\/www.somtawee.de\\\/?page_id=138\"]}]},{\"@type\":\"BreadcrumbList\",\"@id\":\"https:\\\/\\\/www.somtawee.de\\\/?page_id=138#breadcrumb\",\"itemListElement\":[{\"@type\":\"ListItem\",\"position\":1,\"name\":\"Startseite\",\"item\":\"https:\\\/\\\/www.somtawee.de\\\/\"},{\"@type\":\"ListItem\",\"position\":2,\"name\":\"AGB\"}]},{\"@type\":\"WebSite\",\"@id\":\"https:\\\/\\\/www.somtawee.de\\\/#website\",\"url\":\"https:\\\/\\\/www.somtawee.de\\\/\",\"name\":\"SomTawee Thaimassage\",\"description\":\"traditionelle Thaimassage\",\"potentialAction\":[{\"@type\":\"SearchAction\",\"target\":{\"@type\":\"EntryPoint\",\"urlTemplate\":\"https:\\\/\\\/www.somtawee.de\\\/?s={search_term_string}\"},\"query-input\":{\"@type\":\"PropertyValueSpecification\",\"valueRequired\":true,\"valueName\":\"search_term_string\"}}],\"inLanguage\":\"de\"}]}<\/script>\n<!-- \/ Yoast SEO plugin. -->","yoast_head_json":{"title":"AGB - SomTawee Thaimassage","robots":{"index":"index","follow":"follow","max-snippet":"max-snippet:-1","max-image-preview":"max-image-preview:large","max-video-preview":"max-video-preview:-1"},"canonical":"https:\/\/www.somtawee.de\/?page_id=138","og_locale":"de_DE","og_type":"article","og_title":"AGB - SomTawee Thaimassage","og_description":"AGB Die folgenden Allgemeinen Bedingungen sind Bestandteil aller Massage- und Online-Angebote sowie von Vertr\u00e4gen \u00fcber den Online-Verkauf von Gutscheinen. Alle von den hier genannten Allgemeinen Gesch\u00e4ftsbedingungen abweichende Vereinbarungen und Nebenabreden der Vertragsparteien bed\u00fcrfen der Schriftform. Entgegenstehende Gesch\u00e4ftsbedingungen des Kunden werden nicht Vertragsbestandteil. Heilpraktikergesetz, Thaimassage als Wellness-Anwendungen 1.\u00a0 Wir weisen ausdr\u00fccklich darauf hin, dass die Thaimassage [&hellip;]","og_url":"https:\/\/www.somtawee.de\/?page_id=138","og_site_name":"SomTawee Thaimassage","article_modified_time":"2018-09-25T17:03:40+00:00","twitter_card":"summary_large_image","twitter_misc":{"Gesch\u00e4tzte Lesezeit":"2\u00a0Minuten"},"schema":{"@context":"https:\/\/schema.org","@graph":[{"@type":"WebPage","@id":"https:\/\/www.somtawee.de\/?page_id=138","url":"https:\/\/www.somtawee.de\/?page_id=138","name":"AGB - SomTawee Thaimassage","isPartOf":{"@id":"https:\/\/www.somtawee.de\/#website"},"datePublished":"2018-09-22T06:15:19+00:00","dateModified":"2018-09-25T17:03:40+00:00","breadcrumb":{"@id":"https:\/\/www.somtawee.de\/?page_id=138#breadcrumb"},"inLanguage":"de","potentialAction":[{"@type":"ReadAction","target":["https:\/\/www.somtawee.de\/?page_id=138"]}]},{"@type":"BreadcrumbList","@id":"https:\/\/www.somtawee.de\/?page_id=138#breadcrumb","itemListElement":[{"@type":"ListItem","position":1,"name":"Startseite","item":"https:\/\/www.somtawee.de\/"},{"@type":"ListItem","position":2,"name":"AGB"}]},{"@type":"WebSite","@id":"https:\/\/www.somtawee.de\/#website","url":"https:\/\/www.somtawee.de\/","name":"SomTawee Thaimassage","description":"traditionelle Thaimassage","potentialAction":[{"@type":"SearchAction","target":{"@type":"EntryPoint","urlTemplate":"https:\/\/www.somtawee.de\/?s={search_term_string}"},"query-input":{"@type":"PropertyValueSpecification","valueRequired":true,"valueName":"search_term_string"}}],"inLanguage":"de"}]}},"_links":{"self":[{"href":"https:\/\/www.somtawee.de\/index.php?rest_route=\/wp\/v2\/pages\/138","targetHints":{"allow":["GET"]}}],"collection":[{"href":"https:\/\/www.somtawee.de\/index.php?rest_route=\/wp\/v2\/pages"}],"about":[{"href":"https:\/\/www.somtawee.de\/index.php?rest_route=\/wp\/v2\/types\/page"}],"author":[{"embeddable":true,"href":"https:\/\/www.somtawee.de\/index.php?rest_route=\/wp\/v2\/users\/1"}],"replies":[{"embeddable":true,"href":"https:\/\/www.somtawee.de\/index.php?rest_route=%2Fwp%2Fv2%2Fcomments&post=138"}],"version-history":[{"count":3,"href":"https:\/\/www.somtawee.de\/index.php?rest_route=\/wp\/v2\/pages\/138\/revisions"}],"predecessor-version":[{"id":183,"href":"https:\/\/www.somtawee.de\/index.php?rest_route=\/wp\/v2\/pages\/138\/revisions\/183"}],"wp:attachment":[{"href":"https:\/\/www.somtawee.de\/index.php?rest_route=%2Fwp%2Fv2%2Fmedia&parent=138"}],"curies":[{"name":"wp","href":"https:\/\/api.w.org\/{rel}","templated":true}]}}