{"id":85,"date":"2018-09-19T21:34:49","date_gmt":"2018-09-19T21:34:49","guid":{"rendered":"https:\/\/somtawee.de\/?page_id=85"},"modified":"2022-10-25T14:21:17","modified_gmt":"2022-10-25T14:21:17","slug":"leistung-preise","status":"publish","type":"page","link":"https:\/\/www.somtawee.de\/?page_id=85","title":{"rendered":"Leistung &#038; Preise"},"content":{"rendered":"<p><img loading=\"lazy\" decoding=\"async\" class=\"alignnone size-medium wp-image-106\" src=\"https:\/\/www.somtawee.de\/wp-content\/uploads\/2018\/09\/20180907_150023-300x225.jpg\" alt=\"\" width=\"300\" height=\"225\" srcset=\"https:\/\/www.somtawee.de\/wp-content\/uploads\/2018\/09\/20180907_150023-300x225.jpg 300w, https:\/\/www.somtawee.de\/wp-content\/uploads\/2018\/09\/20180907_150023-768x576.jpg 768w, https:\/\/www.somtawee.de\/wp-content\/uploads\/2018\/09\/20180907_150023-1024x768.jpg 1024w\" sizes=\"auto, (max-width: 300px) 100vw, 300px\" \/><\/p>\n<h2><strong><span style=\"color: #008000;\">Thai Massage<\/span><\/strong><\/h2>\n<p><span style=\"color: #800080;\">Bei der Thai-Massage werden die zehn Haupt- Energielinien (Sen) durch eine Druckpunkt-Massage mit\u00a0 Daumen, F\u00fcssen, Ellbogen und Knien, unter sanftem und gezieltem Einsatz des K\u00f6rpergewichtes behandelt. Zusammen mit Dehn- und Streck\u00fcbungen, sogenanntes passives <a title=\"Yoga\" href=\"https:\/\/www.naturalife.ch\/yoga-hatha-yoga-therapie-philosophie\/\">Yoga<\/a> bilden sie den Kern der Thai-Massage. Durch eine gezielte Massage, sowie rhytmischer und fliessender Stimulation der einzelnen Punkte k\u00f6nnen Energieblockaden beseitigt, und damit Erkrankungen und Schmerzen positiv beeinflusst werden. Eine Thai-Massage f\u00f6rdert die Blutzirkulation, und f\u00fchrt zu einer allgemeinen Entspannung. Bei einer Thai-Massage wird normale Weise immer der ganze K\u00f6rper behandelt.\u00a0<\/span><\/p>\n<p><span style=\"color: #000000;\"><strong>30 min. Thaimassage (Kopf,Nacken,R\u00fccken) 30 \u20ac<\/strong><\/span><br \/>\n<span style=\"color: #000000;\"><strong>60 min. Thaimassage(Ganzk\u00f6rpermassage) 45 \u20ac<\/strong><\/span><br \/>\n<span style=\"color: #000000;\"><strong>90 min. Thaimassage(Ganzk\u00f6rpermassage) 70 \u20ac<\/strong><\/span><\/p>\n<h2><strong><span style=\"color: #008000;\"><em>Thai \u00d6lmassage<\/em><\/span><\/strong><\/h2>\n<p><span style=\"color: #800080;\">Die <strong>Thai-\u00d6lmassage<\/strong> ist eine druckhafte Stimulation der Haut mit zus\u00e4tzlicher Verwendung einer fettigen Substanz. Die <a style=\"color: #800080;\" title=\"Massage | Massage-Lexikon\" href=\"http:\/\/portal.massage-expert.de\/massage-lexikon\/Massage\">Massage<\/a> versucht Energieblockaden zu l\u00f6sen und ist eine Form der <a style=\"color: #800080;\" title=\"Thaimassage | Massage-Lexikon\" href=\"http:\/\/portal.massage-expert.de\/massage-lexikon\/Thaimassage\">Traditionellen Thaimassage<\/a>.<\/span><\/p>\n<p><span style=\"color: #800080;\">Die Thai-\u00d6lmassage zeichnet sich durch eine Stimulierung mit knetenden und druckhaften Bewegungen aus, die den K\u00f6rper leicht dehnen. Durch die Verwendung von <a style=\"color: #800080;\" title=\"Massage\u00f6l | Massage-Expert Shop\" href=\"http:\/\/www.massage-expert.de\/Massageoel\">Massage\u00f6l<\/a> hat die Massage allerdings auch einen entspannenden <a style=\"color: #800080;\" title=\"Wellness | Lexikon von KiLiMANDA\" href=\"https:\/\/portal.kilimanda.de\/lexikon\/wellness\/\">Wellness<\/a>-Charakter<\/span><\/p>\n<p><strong>60 min. Ganzk\u00f6rpermassage mit \u00d6l 65 \u20ac<\/strong><br \/>\n<strong>90 min. Ganzk\u00f6rpermassage mit \u00d6l 85 \u20ac<\/strong><\/p>\n<h2><strong><span style=\"color: #008000;\">Fu\u00dfmassage<\/span><\/strong><\/h2>\n<p><span style=\"color: #800080;\">Eine <strong>Thai-Fu\u00dfmassage<\/strong> ist eine Stimulation der Zehen und Sohlen nach den Lehren der Traditionellen Thail\u00e4ndischen Medizin. Durch Dehnungen und punktuelle Fingerdruckmassage wird dabei versucht das Energiesystem (Meridiansystem) anzuregen.<\/span><\/p>\n<p><span style=\"color: #800080;\">Die Thai-Fu\u00dfmassage ist \u00fcblicherweise Bestandteil der <a style=\"color: #800080;\" title=\"Traditionelle Thaimassage | Massage-Lexikon\" href=\"http:\/\/portal.massage-expert.de\/massage-lexikon\/traditionelle-thaimassage\/\">Traditionellen Thai-Massage<\/a>. Dabei werden bedeutsame <a style=\"color: #800080;\" title=\"Akupunkturpunkte | Therapie-Lexikon\" href=\"https:\/\/portal.mein-therapiebedarf.de\/therapie-lexikon\/Akupunkturpunkte\">Akupunkturpunkte<\/a> und <a style=\"color: #800080;\" title=\"Meridian | Therapie-Lexikon\" href=\"https:\/\/portal.mein-therapiebedarf.de\/therapie-lexikon\/meridian\/\">Meridiane<\/a> stimuliert. Als alleinige <a style=\"color: #800080;\" title=\"Fu\u00dfmassage | Massage-Lexikon\" href=\"http:\/\/portal.massage-expert.de\/massage-lexikon\/thai-fussmassage\/portal.www.massage-expert.de\/massage-lexikon\/Fussmassage\">Fu\u00dfmassage<\/a> \u00e4hnelt sie wiederum der <a style=\"color: #800080;\" title=\"Fu\u00dfreflexzonenmassage | Massage-Lexikon\" href=\"http:\/\/portal.massage-expert.de\/massage-lexikon\/thai-fussmassage\/portal.massage-expert.de\/massage-lexikon\/Fussreflexzonenmassage\">Fu\u00dfreflexzonenmassage<\/a>.<\/span><\/p>\n<p><strong>Fu\u00dfmassage ca. 60 min. 40 \u20ac<\/strong><\/p>\n<h2><strong><span style=\"color: #339966;\">Gesicht massage<\/span><\/strong><\/h2>\n<p><strong>Gesichtsmassage ab 35 \u20ac<\/strong><\/p>\n<p><strong><span style=\"color: #ff00ff;\">\u2022 Gesichtsreinigung.<\/span><\/strong><br \/>\n<strong><span style=\"color: #ff00ff;\">\u2022 Abgestorbene Haut wird w\u00e4hrend einer Gesichtsmassage <\/span><\/strong><strong><span style=\"color: #ff00ff;\">\u00a0\u00a0<\/span><\/strong><strong><span style=\"color: #ff00ff;\">entfernt. <\/span><\/strong><br \/>\n<strong><span style=\"color: #ff00ff;\">\u2022 Gesichtmassage, Hautstraffung und Faltenbehandlung mit Massage\u00f6l (neutral\u00a0 und<\/span><\/strong><br \/>\n<strong><span style=\"color: #ff00ff;\">\u00a0\u00a0 ohne Geruch) oder einer *gesichreinigenden Milch (*mit Aufpreis) .<\/span><\/strong><br \/>\n<strong><span style=\"color: #ff00ff;\">\u2022 Gesichtsmaske (hausgemacht) und Gurkenscheiben f\u00fcr eine gesunde Entspannung <\/span><\/strong><br \/>\n<strong><span style=\"color: #ff00ff;\">\u00a0\u00a0 der Augen.<\/span><\/strong><strong><span style=\"color: #ff00ff;\">* Gesichtsdamfer &#8211; f\u00fcr den durchblutung und erfrischen <\/span><\/strong><br \/>\n<strong><span style=\"color: #ff00ff;\">\u2022 Zum Schluss f\u00fcr ein sch\u00f6nes strahlendes Gesicht. Wird Gesichtswasser &amp; <\/span><\/strong><br \/>\n<strong><span style=\"color: #ff00ff;\">\u00a0 Aloevera oder *Hyluron-Serum Faltenbehandlung (*mit Aufpreis) auf die \u00a0 \u00a0 \u00a0 \u00a0 \u00a0 \u00a0 \u00a0 \u00a0 \u00a0 \u00a0 \u00a0 \u00a0 \u00a0 \u00a0 \u00a0\u00a0 Gesichtshaut aufgetragen. <\/span><\/strong><\/p>\n<h2><em><strong><span style=\"color: #008000;\">Massagegutschein:<\/span><\/strong><br \/>\nSie k\u00f6nnen einen Massagegutschein auch telefonisch oder per Email bestellen.<\/em><\/h2>\n<h2><em><br \/>\nZahlung per Vorkasse oder Paypal\u00a0 <\/em><\/h2>\n<h2><\/h2>\n","protected":false},"excerpt":{"rendered":"<p>Thai Massage Bei der Thai-Massage werden die zehn Haupt- Energielinien (Sen) durch eine Druckpunkt-Massage mit\u00a0 Daumen, F\u00fcssen, Ellbogen und Knien, unter sanftem und gezieltem Einsatz des K\u00f6rpergewichtes behandelt. Zusammen mit Dehn- und Streck\u00fcbungen, sogenanntes passives Yoga bilden sie den Kern der Thai-Massage. Durch eine gezielte Massage, sowie rhytmischer und fliessender Stimulation der einzelnen Punkte k\u00f6nnen [&hellip;]<\/p>\n","protected":false},"author":1,"featured_media":0,"parent":0,"menu_order":0,"comment_status":"closed","ping_status":"closed","template":"","meta":{"footnotes":""},"class_list":["post-85","page","type-page","status-publish","hentry"],"yoast_head":"<!-- This site is optimized with the Yoast SEO plugin v27.4 - https:\/\/yoast.com\/product\/yoast-seo-wordpress\/ -->\n<title>Leistung &amp; Preise - SomTawee Thaimassage<\/title>\n<meta name=\"robots\" content=\"index, follow, max-snippet:-1, max-image-preview:large, max-video-preview:-1\" \/>\n<link rel=\"canonical\" href=\"https:\/\/www.somtawee.de\/?page_id=85\" \/>\n<meta property=\"og:locale\" content=\"de_DE\" \/>\n<meta property=\"og:type\" content=\"article\" \/>\n<meta property=\"og:title\" content=\"Leistung &amp; Preise - SomTawee Thaimassage\" \/>\n<meta property=\"og:description\" content=\"Thai Massage Bei der Thai-Massage werden die zehn Haupt- Energielinien (Sen) durch eine Druckpunkt-Massage mit\u00a0 Daumen, F\u00fcssen, Ellbogen und Knien, unter sanftem und gezieltem Einsatz des K\u00f6rpergewichtes behandelt. Zusammen mit Dehn- und Streck\u00fcbungen, sogenanntes passives Yoga bilden sie den Kern der Thai-Massage. Durch eine gezielte Massage, sowie rhytmischer und fliessender Stimulation der einzelnen Punkte k\u00f6nnen [&hellip;]\" \/>\n<meta property=\"og:url\" content=\"https:\/\/www.somtawee.de\/?page_id=85\" \/>\n<meta property=\"og:site_name\" content=\"SomTawee Thaimassage\" \/>\n<meta property=\"article:modified_time\" content=\"2022-10-25T14:21:17+00:00\" \/>\n<meta property=\"og:image\" content=\"https:\/\/www.somtawee.de\/wp-content\/uploads\/2018\/09\/20180907_150023-300x225.jpg\" \/>\n<meta name=\"twitter:card\" content=\"summary_large_image\" \/>\n<meta name=\"twitter:label1\" content=\"Gesch\u00e4tzte Lesezeit\" \/>\n\t<meta name=\"twitter:data1\" content=\"3\u00a0Minuten\" \/>\n<script type=\"application\/ld+json\" class=\"yoast-schema-graph\">{\"@context\":\"https:\\\/\\\/schema.org\",\"@graph\":[{\"@type\":\"WebPage\",\"@id\":\"https:\\\/\\\/www.somtawee.de\\\/?page_id=85\",\"url\":\"https:\\\/\\\/www.somtawee.de\\\/?page_id=85\",\"name\":\"Leistung & Preise - SomTawee Thaimassage\",\"isPartOf\":{\"@id\":\"https:\\\/\\\/www.somtawee.de\\\/#website\"},\"primaryImageOfPage\":{\"@id\":\"https:\\\/\\\/www.somtawee.de\\\/?page_id=85#primaryimage\"},\"image\":{\"@id\":\"https:\\\/\\\/www.somtawee.de\\\/?page_id=85#primaryimage\"},\"thumbnailUrl\":\"https:\\\/\\\/www.somtawee.de\\\/wp-content\\\/uploads\\\/2018\\\/09\\\/20180907_150023-300x225.jpg\",\"datePublished\":\"2018-09-19T21:34:49+00:00\",\"dateModified\":\"2022-10-25T14:21:17+00:00\",\"breadcrumb\":{\"@id\":\"https:\\\/\\\/www.somtawee.de\\\/?page_id=85#breadcrumb\"},\"inLanguage\":\"de\",\"potentialAction\":[{\"@type\":\"ReadAction\",\"target\":[\"https:\\\/\\\/www.somtawee.de\\\/?page_id=85\"]}]},{\"@type\":\"ImageObject\",\"inLanguage\":\"de\",\"@id\":\"https:\\\/\\\/www.somtawee.de\\\/?page_id=85#primaryimage\",\"url\":\"https:\\\/\\\/www.somtawee.de\\\/wp-content\\\/uploads\\\/2018\\\/09\\\/20180907_150023.jpg\",\"contentUrl\":\"https:\\\/\\\/www.somtawee.de\\\/wp-content\\\/uploads\\\/2018\\\/09\\\/20180907_150023.jpg\",\"width\":2232,\"height\":1674},{\"@type\":\"BreadcrumbList\",\"@id\":\"https:\\\/\\\/www.somtawee.de\\\/?page_id=85#breadcrumb\",\"itemListElement\":[{\"@type\":\"ListItem\",\"position\":1,\"name\":\"Startseite\",\"item\":\"https:\\\/\\\/www.somtawee.de\\\/\"},{\"@type\":\"ListItem\",\"position\":2,\"name\":\"Leistung &#038; Preise\"}]},{\"@type\":\"WebSite\",\"@id\":\"https:\\\/\\\/www.somtawee.de\\\/#website\",\"url\":\"https:\\\/\\\/www.somtawee.de\\\/\",\"name\":\"SomTawee Thaimassage\",\"description\":\"traditionelle Thaimassage\",\"potentialAction\":[{\"@type\":\"SearchAction\",\"target\":{\"@type\":\"EntryPoint\",\"urlTemplate\":\"https:\\\/\\\/www.somtawee.de\\\/?s={search_term_string}\"},\"query-input\":{\"@type\":\"PropertyValueSpecification\",\"valueRequired\":true,\"valueName\":\"search_term_string\"}}],\"inLanguage\":\"de\"}]}<\/script>\n<!-- \/ Yoast SEO plugin. -->","yoast_head_json":{"title":"Leistung & Preise - SomTawee Thaimassage","robots":{"index":"index","follow":"follow","max-snippet":"max-snippet:-1","max-image-preview":"max-image-preview:large","max-video-preview":"max-video-preview:-1"},"canonical":"https:\/\/www.somtawee.de\/?page_id=85","og_locale":"de_DE","og_type":"article","og_title":"Leistung & Preise - SomTawee Thaimassage","og_description":"Thai Massage Bei der Thai-Massage werden die zehn Haupt- Energielinien (Sen) durch eine Druckpunkt-Massage mit\u00a0 Daumen, F\u00fcssen, Ellbogen und Knien, unter sanftem und gezieltem Einsatz des K\u00f6rpergewichtes behandelt. Zusammen mit Dehn- und Streck\u00fcbungen, sogenanntes passives Yoga bilden sie den Kern der Thai-Massage. Durch eine gezielte Massage, sowie rhytmischer und fliessender Stimulation der einzelnen Punkte k\u00f6nnen [&hellip;]","og_url":"https:\/\/www.somtawee.de\/?page_id=85","og_site_name":"SomTawee Thaimassage","article_modified_time":"2022-10-25T14:21:17+00:00","og_image":[{"url":"https:\/\/www.somtawee.de\/wp-content\/uploads\/2018\/09\/20180907_150023-300x225.jpg","type":"","width":"","height":""}],"twitter_card":"summary_large_image","twitter_misc":{"Gesch\u00e4tzte Lesezeit":"3\u00a0Minuten"},"schema":{"@context":"https:\/\/schema.org","@graph":[{"@type":"WebPage","@id":"https:\/\/www.somtawee.de\/?page_id=85","url":"https:\/\/www.somtawee.de\/?page_id=85","name":"Leistung & Preise - SomTawee Thaimassage","isPartOf":{"@id":"https:\/\/www.somtawee.de\/#website"},"primaryImageOfPage":{"@id":"https:\/\/www.somtawee.de\/?page_id=85#primaryimage"},"image":{"@id":"https:\/\/www.somtawee.de\/?page_id=85#primaryimage"},"thumbnailUrl":"https:\/\/www.somtawee.de\/wp-content\/uploads\/2018\/09\/20180907_150023-300x225.jpg","datePublished":"2018-09-19T21:34:49+00:00","dateModified":"2022-10-25T14:21:17+00:00","breadcrumb":{"@id":"https:\/\/www.somtawee.de\/?page_id=85#breadcrumb"},"inLanguage":"de","potentialAction":[{"@type":"ReadAction","target":["https:\/\/www.somtawee.de\/?page_id=85"]}]},{"@type":"ImageObject","inLanguage":"de","@id":"https:\/\/www.somtawee.de\/?page_id=85#primaryimage","url":"https:\/\/www.somtawee.de\/wp-content\/uploads\/2018\/09\/20180907_150023.jpg","contentUrl":"https:\/\/www.somtawee.de\/wp-content\/uploads\/2018\/09\/20180907_150023.jpg","width":2232,"height":1674},{"@type":"BreadcrumbList","@id":"https:\/\/www.somtawee.de\/?page_id=85#breadcrumb","itemListElement":[{"@type":"ListItem","position":1,"name":"Startseite","item":"https:\/\/www.somtawee.de\/"},{"@type":"ListItem","position":2,"name":"Leistung &#038; Preise"}]},{"@type":"WebSite","@id":"https:\/\/www.somtawee.de\/#website","url":"https:\/\/www.somtawee.de\/","name":"SomTawee Thaimassage","description":"traditionelle Thaimassage","potentialAction":[{"@type":"SearchAction","target":{"@type":"EntryPoint","urlTemplate":"https:\/\/www.somtawee.de\/?s={search_term_string}"},"query-input":{"@type":"PropertyValueSpecification","valueRequired":true,"valueName":"search_term_string"}}],"inLanguage":"de"}]}},"_links":{"self":[{"href":"https:\/\/www.somtawee.de\/index.php?rest_route=\/wp\/v2\/pages\/85","targetHints":{"allow":["GET"]}}],"collection":[{"href":"https:\/\/www.somtawee.de\/index.php?rest_route=\/wp\/v2\/pages"}],"about":[{"href":"https:\/\/www.somtawee.de\/index.php?rest_route=\/wp\/v2\/types\/page"}],"author":[{"embeddable":true,"href":"https:\/\/www.somtawee.de\/index.php?rest_route=\/wp\/v2\/users\/1"}],"replies":[{"embeddable":true,"href":"https:\/\/www.somtawee.de\/index.php?rest_route=%2Fwp%2Fv2%2Fcomments&post=85"}],"version-history":[{"count":12,"href":"https:\/\/www.somtawee.de\/index.php?rest_route=\/wp\/v2\/pages\/85\/revisions"}],"predecessor-version":[{"id":401,"href":"https:\/\/www.somtawee.de\/index.php?rest_route=\/wp\/v2\/pages\/85\/revisions\/401"}],"wp:attachment":[{"href":"https:\/\/www.somtawee.de\/index.php?rest_route=%2Fwp%2Fv2%2Fmedia&parent=85"}],"curies":[{"name":"wp","href":"https:\/\/api.w.org\/{rel}","templated":true}]}}